se 6?
-1411
-10512 (base 6) to base 9
-2028
What is 152212 (base 6) in base 14?
554c
What is 14545 (base 6) in base 8?
4501
What is -3b5 (base 12) in base 5?
-4234
Convert 137 (base 13) to base 12.
15b
What is -974 (base 10) in base 3?
-1100002
Convert 1102012 (base 3) to base 11.
858
Convert -9590 (base 16) to base 13.
-14573
Convert -4533 (base 9) to base 8.
-6427
24161 (base 8) to base 6
115533
What is -3045 (base 7) in base 14?
-55c
2216 (base 9) to base 8
3143
What is -1011010 (base 2) in base 15?
-60
2334 (base 7) to base 2
1101011010
What is -1806 (base 12) in base 4?
-231012
Convert 1122 (base 7) to base 16.
198
What is 120000110 (base 3) in base 4?
2223003
-12a28 (base 14) to base 9
-68860
-1216 (base 7) to base 11
-383
What is 66b (base 12) in base 14?
4b9
What is -3442 (base 5) in base 13?
-2c3
-1044 (base 6) to base 15
-114
Convert -50a (base 11) to base 16.
-267
What is 12 (base 9) in base 10?
11
-3084 (base 12) to base 11
-3a74
What is 45 (base 16) in base 12?
59
Convert -1575 (base 11) to base 14.
-a42
What is 4682 (base 10) in base 15?
15c2
Convert -b4 (base 16) to base 8.
-264
What is 27706 (base 8) in base 4?
2333012
What is d67 (base 15) in base 3?
11010221
What is -2e8d (base 15) in base 16?
-2731
What is -6320 (base 8) in base 5?
-101110
What is -350 (base 9) in base 11?
-242
-110110001000010 (base 2) to base 11
-19905
-52317 (base 11) to base 3
-10212121000
Convert 3323 (base 4) to base 8.
373
What is 1544 (base 8) in base 5?
11433
101301 (base 4) to base 13
696
What is -18021 (base 11) in base 9?
-37644
What is -43 (base 15) in base 12?
-53
b24b (base 16) to base 8
131113
What is -53b1 (base 12) in base 4?
-2033311
What is 34222 (base 5) in base 2?
100110000101
What is -2301 (base 9) in base 5?
-23302
Convert 3001 (base 6) to base 12.
461
What is -4090 (base 12) in base 16?
-1b6c
Convert -240 (base 8) to base 13.
-c4
Convert -1542 (base 7) to base 11.
-512
What is -35b (base 12) in base 4?
-13313
Convert -3137a (base 11) to base 9.
-68622
What is -5d2 (base 14) in base 5?
-14124
What is -913 (base 10) in base 7?
-2443
Convert 176753 (base 8) to base 5.
4040003
Convert 20 (base 9) to base 14.
14
What is 14273 (base 10) in base 11?
a7a6
20c4 (base 13) to base 8
10712
Convert -108 (base 15) to base 14.
-129
What is 524 (base 12) in base 4?
23230
What is -72001 (base 10) in base 2?
-10001100101000001
What is -405 (base 6) in base 7?
-302
What is -23360 (base 7) in base 5?
-143040
What is -211132 (base 5) in base 7?
-26350
Convert -111636 (base 7) to base 14.
-7356
3411 (base 6) to base 11
667
What is 1111011000100 (base 2) in base 8?
17304
Convert 3210 (base 7) to base 11.
941
What is a56 (base 12) in base 13?
8bb
What is -557 (base 14) in base 15?
-4a7
What is -3de (base 15) in base 2?
-1101110100
What is 343 (base 7) in base 9?
217
What is -6626 (base 7) in base 13?
-1106
Convert -11110000110 (base 2) to base 6.
-12530
What is -20031 (base 6) in base 13?
-125b
What is -14042 (base 14) in base 15?
-e9ba
-224101 (base 6) to base 4
-10221211
Convert 481b (base 14) to base 8.
30431
What is 386b (base 12) in base 2?
1100100010011
-2112 (base 11) to base 9
-3746
10715 (base 8) to base 9
6223
Convert 131421 (base 5) to base 8.
12164
105a (base 14) to base 16
b08
What is -2882 (base 9) in base 3?
-2222202
What is -1122101 (base 3) in base 5?
-14243
222030 (base 5) to base 15
247a
Convert -100442 (base 5) to base 6.
-23011
Convert -100110 (base 3) to base 6.
-1103
What is -13310 (base 4) in base 15?
-235
Convert -1a51 (base 13) to base 15.
-1288
Convert -4515 (base 6) to base 14.
-555
2024 (base 5) to base 6
1120
-221 (base 8) to base 9
-171
Convert -100 (base 10) to base 3.
-10201
Convert 102333 (base 4) to base 3.
1200000
-731 (base 8) to base 3
-122112
Convert 100100000111 (base 2) to base 9.
3147
Convert 20122 (base 4) to base 2.
1000011010
58c (base 14) to base 2
10001010000
What is -100011011 (base 2) in base 15?
-13d
Convert -93b7 (base 13) to base 4.
-10333032
What is 23433 (base 6) in base 7?
12633
100055 (base 6) to base 7
31526
What is 413332 (base 6) in base 11?
22a20
1253 (base 6) to base 14
18d
cc (base 15) to base 12
140
1132 (base 10) to base 16
46c
-1ad (base 16) to base 12
-2b9
Convert -a3 (base 13) to base 9.
-157
What is -122650 (base 7) in base 10?
-22624
-10122021 (base 4) to base 11
-12626
-23612 (base 7) to base 14
-2342
-1001101 (base 3) to base 10
-766
-10233 (base 5) to base 13
-414
Convert -3032 (base 4) to base 8.
-316
1111110011 (base 2) to base 5
13021
Convert 13204 (base 5) to base 11.
879
What is -686 (base 13) in base 6?
-5112
What is 269 (base 16) in base 15?
2b2
Convert -462 (base 13) to base 2.
-1011110100
1fd1 (base 16) to base 2
1111111010001
2e15 (base 16) to base 9
17157
What is 298 (base 11) in base 15?
184
What is 821 (base 11) in base 6?
4331
What is 51019 (base 10) in base 9?
76877
What is 728e (base 16) in base 12?
14b7a
Convert 4b16 (base 13) to base 11.
8017
What is 537 (base 12) in base 5?
11023
What is 4416 (base 10) in base 3?
20001120
-322 (base 14) to base 16
-26a
2cd7 (base 15) to base 11
7285
What is -164 (base 11) in base 2?
-10111111
What is -300312 (base 4) in base 10?
-3126
41343 (base 5) to base 13
1316
Convert 1620 (base 14) to base 6.
30140
Convert -334423 (base 5) to base 9.
-17241
b45 (base 12) to base 7
4526
46 (base 7) to base 5
114
What is 11411 (base 8) in base 4?
1030021
Convert -114 (base 16) to base 4.
-10110
Convert 103346 (base 7) to base 15.
5512
-a5a (base 11) to base 4
-103323
-633c (base 14) to base 12
-9a96
21403 (base 6) to base 9
4043
What is c76c (base 16) in base 6?
1032204
What is 2794 (base 10) in base 8?
5352
22210 (base 3) to base 14
12d
-4741 (base 10) to base 7
-16552
What is 14c (base 13) in base 6?
1025
What is -322 (base 12) in base 8?
-712
Convert 224 (base 10) to base 9.
268
Convert -221212 (base 3) to base 14.
-37c
2e9a (base 16) to base 5
340210
102410 (base 6) to base 5
231413
110101110000 (base 2) to base 6
23532
-35848 (base 9) to base 11
-17057
Convert -4123 (base 5) to base 7.
-1366
What is 11 (base 16) in base 2?
10001
Convert 244305 (base 6) to base 15.
6678
What is 45010 (base 8) in base 14?
6c9a
Convert -3555 (base 6) to base 3.
-1011222
21321012 (base 4) to base 12
1b546
What is 2020000 (base 3) in base 4?
121110
-15a (base 12) to base 14
-114
-780 (base 15) to base 9
-2283
What is -223 (base 10) in base 8?
-337
Convert 511 (base 9) to base 15.
1ca
Convert -8626 (base 13) to base 3.
-221112201
12202 (base 5) to base 6
4143
-35604 (base 7) to base 10
-9216
Convert 203023 (base 4) to base 12.
1377
What is -1242 (base 5) in base 16?
-c5
-19698 (base 10) to base 7
-111300
What is 43508 (base 9) in base 4?
13002230
What is 12002202 (base 3) in base 10?
3719
What is -1ca9 (base 15) in base 10?
-6234
What is 2604 (base 8) in base 3?
1221022
Convert 322242 (base 5) to base 14.
3dbd
Convert 334603 (base 7) to base 4.
32132131
-3055 (base 6) to base 14
-36b
-c87a (base 14) to base 8
-103454
Convert 22616 (base 10) to base 11.
15aa0
Convert -121220 (base 3) to base 6.
-2040
Convert 127604 (base 8) to base 9.
67564
127523 (base 8) to base 14
124dd
-2555 (base 8) to base 15
-629
Convert -3748 (base 11) to base 4.
-1030130
-3768 (base 11) to base 7
-20220
Convert -977 (base 13) to base 15.
-72e
Convert ca3 (base 13) to base 6.
14001
What is 2020011 (base 3) in base 9?
2204
What is -1136 (base 10) in base 13?
-695
What is -129b2 (base 13) in base 6?
-424141
Convert -2542 (base 8) to base 10.
-1378
What is 225 (base 15) in base 4?
13211
What is -230 (base 15) in base 6?
-2143
111321 (base 8) to base 3
1220120001
Convert -858 (base 9) to base 13.
-41c
What is 658 (base 9) in base 7?
1400
1ca4 (base 16) to base 12
42b0
Convert -3409 (base 10) to base 5.
-102114
Convert -1432 (base 9) to base 3.
-1111002
What is -10012 (base 13) in base 2?
-110111110100000
What is -321 (base 6) in base 9?
-144
Convert -40514 (base 6) to base 3.
-21101001
Convert -11433 (base 5) to base 2.
-1101100100
Convert -111003 (base 6) to base 12.
-5463
Convert -3100 (base 5) to base 4.
-12100
Convert 540 (base 11) to base 4.
22021
What is -446 (base 12) in base 13?
-396
What is 44 (base 15) in base 12?
54
588 (base 13) to base 2
1110111101
257c (base 13) to base 14
1d3